3, 53
Suppose -12*d = -8*d - 892. Suppose 0 = -5*s + u + 566, d = -0*s + 2*s + 3*u. Suppose 6*m - 109 - s = 0. What are the prime factors of m?
37
Let m be 3/(-2) + (-7)/((-112)/41992). Suppose -127 = 4*t - m. List the prime factors of t.
2, 3, 13
Suppose -15 = 3*p, 22530 = 5*m + 2*p - 4690. What are the prime factors of m?
2, 7, 389
Suppose -63*i - 40*i = 60485 - 751924. List the prime factors of i.
7, 137
Let n(k) = -2*k + 165. Let r = -398 - -381. What are the prime factors of n(r)?
199
Suppose -5*w + 5*d + 6 = 16, 0 = 5*d - 10. Suppose 11*v + v - 1668 = w. Suppose k = p + 2 + 36, v = 3*k + 2*p. List the prime factors of k.
43
List the prime factors of (-9)/(-2) + (-351480)/(-80).
2, 3, 733
Let s(g) = -g**3 + 7*g**2 - 2*g - 5. Let m be s(4). Let w be (57 - 56) + 3/((-6)/(-8)). List the prime factors of ((-172)/(-14))/(w/m).
2, 43
Suppose -38*m - 233310 = -73*m. Suppose -1806*k + m = -1800*k. What are the prime factors of k?
11, 101
Let i(c) be the first derivative of -5/2*c**2 + 3 - 49*c. What are the prime factors of i(-18)?
41
Let q be (-9)/(-36)*(-5)/(15/(-12)). Suppose -p - 19 = -z + q, z = -2*p + 17. List the prime factors of z.
19
Let p be (-3 + (-11)/(-3))*36/1. Suppose -5*z - 4 = -p. Suppose z*o - 252 = -2*o. What are the prime factors of o?
2, 3, 7
Suppose -3*i = m + 8, -3*m - 3*i - 2*i - 4 = 0. Suppose p + 88 = -m*p. What are the prime factors of (-233)/p + (-4)/22?
3, 7
Suppose -1325 = -12*g - 3977. Let u = -128 - g. List the prime factors of u.
3, 31
Suppose -14*l + 235 - 81 = 0. Suppose 107 = 12*s - l*s. What are the prime factors of s?
107
Let o be 36/(-10)*10/4. List the prime factors of (2166 - 2)/((-49)/7 - o).
2, 541
Let s(m) = -11*m + 55. Let j be s(5). Let w be (2 + j)/(-1 + 3). Let c(v) = 219*v + 9. List the prime factors of c(w).
2, 3, 19
Suppose 0 = -5*b + 4*m + 348, 3*m + 44 - 310 = -4*b. List the prime factors of (-382)/(3 - b/20).
5, 191
Suppose 5*v + 2*u = 105, -3*v = 4*u - 61 - 16. Suppose 16*q + 1413 = v*q. List the prime factors of q.
3, 157
Suppose 2*l + l + 275 = -5*v, -3*l + 3*v = 315. Let c(i) = -7*i + 204. Let f be c(34). Let w = f - l. List the prime factors of w.
2, 3, 11
Suppose 0 = -30*f + 20*f + 2960. Suppose -92 = q - f. What are the prime factors of q?
2, 3, 17
Suppose 5*c - 241 = -q + 35322, q = -2*c + 14221. List the prime factors of c.
2, 3557
Let c = 14786 + -9001. List the prime factors of c.
5, 13, 89
Let m = -91 - -95. Suppose -3*g + m*g - y = 13, 4*g - 3*y = 49. What are the prime factors of 2421/15 + g/(-25)?
7, 23
Let m(t) = t**2 + 10*t - 56. Let x be m(9). Suppose 124*w - 125*w + x = 0. What are the prime factors of w?
5, 23
Let m(o) = 2*o**2 + 12*o + 11. Suppose 4*r + 141 = -5*l, r - 4*r + 5*l = 97. Let j = r + 24. What are the prime factors of m(j)?
7, 13
Let l(w) = 5*w**2 + 73*w + 3. Let b be (-1*24/16)/(1/14). List the prime factors of l(b).
3, 5
Let l(o) = 8 - 18 - 3 + 4*o. Let j be l(4). Suppose -7 = -5*t + 8, -j*z = -3*t - 321. List the prime factors of z.
2, 5, 11
Suppose 515*l - 227*l - 6855552 = 0. List the prime factors of l.
2, 11, 541
Let a = -2568 - -2663. List the prime factors of a.
5, 19
Suppose h - 12725 = -2*r, -26*r - 50891 = -4*h - 31*r. List the prime factors of h.
7, 23, 79
Suppose 4*y + 4*s = -20, -27*y + 5*s = -26*y + 35. Let r = 441 - y. List the prime factors of r.
11, 41
Let l = 5 - -4. Let w(p) = p**3 + 11*p**2 + 6*p - 36. Let m be w(-10). Suppose 0 = -m*k, 3*z + 2*k - 78 = -l. List the prime factors of z.
23
Let l(x) = -8*x - 44. Let c be l(-6). Suppose d - c*d - 36 = -3*o, -d + 78 = 5*o. Suppose b + 4*p + o = 0, -15 = 5*b - 3*p - 55. List the prime factors of b.
5
Let i(j) = j**2 - 201. Let m be i(0). Let l = m - -553. List the prime factors of l.
2, 11
Suppose 2*a - 21240 = -5*s, 2073 = s - 5*a - 2148. What are the prime factors of s?
2, 11, 193
Suppose -5*n + 21 - 6 = 0. Suppose v - x - n = 0, 9 = x + 2*x. List the prime factors of (-20)/((-1)/(-1*(-21)/v)).
2, 5, 7
Let a = -52 - -49. Let j be 5 - 0/a - -29. Let h = 263 - j. List the prime factors of h.
229
Let a = -133 + -181. Let m = a - -86. Let i = m + 376. List the prime factors of i.
2, 37
Suppose -282*h + 607680 + 13519 = -460553. List the prime factors of h.
2, 7, 137
Suppose 5*b - 255 = 2*b. Let z = b - 85. Suppose 8*d + i + 130 = 11*d, z = -d + 4*i + 47. What are the prime factors of d?
43
Let q(v) = -v + 12. Let i be q(8). Let r be 54/(-36)*i/(-3). Suppose -3*n - 101 = -z, -95 = -z - r*n + 3*n. What are the prime factors of z?
2, 23
Let m = 17 - 14. Suppose -m*o - 3*w = -0*o + 30, -6 = 3*w. List the prime factors of (-550)/o - (-12)/48.
3, 23
Suppose o - 2 = 4*j + 3*o, 3*j - 3*o = -15. Let n be -3 + 110/14 + j/(-14). Suppose -n*r + 5*d = -260, 60 = 4*r - 3*d - 152. List the prime factors of r.
2, 7
Suppose 0 = w - 2*n - 7562, 8*w - 14*w + 45372 = n. List the prime factors of w.
2, 19, 199
Let u be (-7 - -3)/(-3 - -5). Let z be 5*u/(-4 - -2). Suppose -z*x + 183 = 3. What are the prime factors of x?
2, 3
Let i(r) = 294*r**3 + 10*r**2 - 19*r + 3. Let y be i(3). Suppose -3*d - 6*d = -y. List the prime factors of d.
2, 443
Suppose -32*w = -48*w + 96. Suppose -4*r + 4378 = 5*f, 3*r - 11*f = -w*f + 3301. What are the prime factors of r?
1097
Suppose -25277 = -21*n + 32998. Let d = n - 1879. List the prime factors of d.
2, 7
Let h(v) = -v**2 - 25*v - 61. Let z be h(-22). Suppose -3*s + z*s = 2352. What are the prime factors of s?
2, 3, 7
Suppose -12*f = -168*f - 143*f + 1991938. What are the prime factors of f?
2, 3331
Suppose 2*m + 5*a - 14638 = 0, -42477 = -4*m - 4*a - 13237. What are the prime factors of m?
2, 11, 83
Let z = -291 - -1425. Suppose -15*u = 3*u - z. Suppose v + 3*g = 159 + u, 5*v = 2*g + 1042. List the prime factors of v.
2, 3, 5, 7
Let x(m) = 17*m**3 - 2*m**2 - 7. List the prime factors of x(3).
2, 7, 31
Suppose 1250*q + 4*m + 180742 = 1253*q, 5*q - 5*m - 301245 = 0. What are the prime factors of q?
2, 47, 641
Suppose 87*r - 84*r - 4599 = 0. Suppose 4*k = -2*z + r + 259, -900 = -2*k - 2*z. Let f = k - 185. List the prime factors of f.
3, 29
Let a(t) = -8 - 27*t**2 + 30*t**2 + 23*t**3 + 7*t + 3 - 7. What are the prime factors of a(3)?
3, 73
Let d be ((-12)/4 - -3) + 0 + 4. Let o(z) = 8 - 11*z + 4*z + 21*z**2 + d*z + 8*z. What are the prime factors of o(-2)?
2, 41
What are the prime factors of 748/(-88)*8812/(-1)?
2, 17, 2203
Let o be (-1890)/(-7) + (1 - 4). Suppose 3*i + 15*u - 259 = 14*u, 3*u = -3*i + o. List the prime factors of i.
5, 17
Let d = -558 - -286. Let l = d + 291. What are the prime factors of l?
19
Let w be 408700/1072 + -3*(-2)/8. Let b be (-2)/(-3)*(-1 + 4). Suppose -5*g + w = -2*g - b*k, 508 = 4*g - 4*k. List the prime factors of g.
2
Suppose -4*o - 3*j + 66 = 0, 0 = o - 129*j + 131*j - 14. Let i(l) = 7*l**2 - 12*l - 237. List the prime factors of i(o).
3, 5, 11
Let p(z) = 15105*z**2 + 54*z - 2. List the prime factors of p(2).
2, 53, 571
Suppose 0*z = -9*z + 12690. Suppose -5*c = 3*u - 1410, 5*c + 0*u - z = 2*u. What are the prime factors of c?
2, 3, 47
Suppose 4*y - 26184 = -4*h, 3*y + h = 7*y - 26174. What are the prime factors of y?
2, 409
Let i = -162 - -158. Let k(z) = 3*z**2 + 4*z + 1. List the prime factors of k(i).
3, 11
Suppose 3*g + 132 = 15*g. Let p(m) = -323*m - 5. Let i(v) = 161*v + 3. Let q(z) = g*i(z) + 6*p(z). List the prime factors of q(-1).
2, 5, 17
Suppose 3*h + 4*h - 6*h = 0. Suppose 4*u - 4*o + 6*o = 2300, 2*u + 2*o - 1146 = h. List the prime factors of u.
577
Let k(z) = -71*z + 98. Let c be k(7). Let m = 620 + c. List the prime factors of m.
13, 17
Suppose 3*p = -5*b + 18652, -p + b = -2*b - 6194. List the prime factors of p.
7, 887
Let g(q) = 3*q + 9. Let c(m) = 13*m + 35. Let o(d) = 2*c(d) - 9*g(d). Let v be o(-11). Suppose -2*j + 60 - 14 = v. What are the prime factors of j?
23
Let f = 37639 + -21515. List the prime factors of f.
2, 29, 139
Let w(a) = 2*a**2 - 2*a + 1687. What are the prime factors of w(-147)?
7, 11, 587
Let c = 43937 + -17627. What are the prime factors of c?
2, 3, 5, 877
Suppose -1076*o + 2*w = -1075*o - 18669, -2*o = 3*w - 37331. What are the prime factors of o?
11, 1697
Suppose 22575 - 222636 = -6*x - 12405. What are the prime factors of x?
2, 7, 1117
Let z = -162 + 186. Suppose 4*g - z = 1340. What are the prime factor